 y.
4
Let l = 57 + 4. Let k(i) = -10*i - 28. Let v = -694 - -688. Calculate the remainder when l is divided by k(v).
29
Suppose -372 = -2*f - f. Calculate the remainder when f is divided by 18/(1 + 2) + (-1 - (14 - 30)).
19
Calculate the remainder when (760 - 17) + 16 + -14 is divided by 19.
4
Suppose -2*p + 15*n - 14*n = -96, 12 = 3*n. What is the remainder when 531 is divided by p?
31
Suppose 2 = -l + 4*t - 2, 0 = 3*l + 5*t - 5. Let b be 201/(-18) - 2/(-12). What is the remainder when b*(l/(-1) + 16/(-4)) is divided by 16?
12
Let y(a) = 138*a - 7881. Suppose 0*x + x = 11. What is the remainder when y(59) is divided by x?
8
What is the remainder when 531 is divided by (10 - (-5 + 14))/((-10)/(-2330))?
65
Let l be 2/6 + 84/18. Suppose 34 = -4*c - 2*g, -l*g + 2 - 24 = c. Let u = 25 + c. What is the remainder when u is divided by 8?
2
Suppose 0 = 4*z - 3*a - 3166, -3*z + 5*a + 980 = -1411. Calculate the remainder when z is divided by 777.
10
Let o = 6745 + -6719. What is the remainder when (-3)/3 - (-170)/2 is divided by o?
6
Suppose -340 = 5*x + 3*d, 4*x - 2*d = -3*d - 272. Calculate the remainder when 117 is divided by (x/(-8) - 6)*4 - 0.
7
Suppose -8*z = -21*z - 13. What is the remainder when (-78)/(-1)*(-138)/(-92) is divided by -1*8/(-3)*z*-15?
37
Suppose -4*x - 61 = -29. What is the remainder when 56 is divided by (9 - 6) + x + 35?
26
Suppose -4*o + 92 = -44. Let d be 0 - o*(-5 - -4). Suppose 0 = 7*b - 22 - d. Calculate the remainder when 21 is divided by b.
5
Let n(k) = 39*k**3 + 2*k**2 - 1. Suppose 168 = 50*b - 43*b. Calculate the remainder when n(1) is divided by b.
16
Let x(w) = -w**2 - 11*w + 4. Let l be (-6)/(-4)*96/(-36). Let v(f) = -f**2 - 2*f - 3. Let y be v(l). What is the remainder when x(y) is divided by 4?
0
Let t(u) = -u**3 + 17*u**2 - 7*u - 79. Let j = 16 + -11. Let f = j + 9. What is the remainder when t(16) is divided by f?
9
Suppose 0 = -3*s + 3*n + 1041, -5*n + 626 - 1311 = -2*s. What is the remainder when s is divided by 11?
9
Suppose 0 = -5*r + 235 + 695. Let o be (-30)/(1*-2)*r/(-15). Let m = o - -278. Calculate the remainder when m is divided by 24.
20
Let c(b) = 19*b - 23. Let y be c(2). Suppose -y*t + 725 = -10*t. What is the remainder when t is divided by 37?
34
Let o = 95 + -35. Suppose -3*t - 2*t = -o. Let h(w) = -w**3 + 13*w**2 - 12*w + 10. Calculate the remainder when 37 is divided by h(t).
7
Suppose z + 114 = 3*z. Suppose -y = -2*y + 2*p + 4, 0 = 4*y + p - 7. What is the remainder when z is divided by (15*y/18)/((-10)/(-36))?
3
Suppose -3*t + 150 + 271 = -4*l, 3*t = l + 418. Let z(w) = 2*w**2 + 125*w + 1406. What is the remainder when t is divided by z(-48)?
13
Let n = 303 + -300. Calculate the remainder when 121 is divided by (n - 39/12)/((-9)/1476).
39
What is the remainder when 119/(-12 - 5) - 3*(-1 - 618) is divided by 71?
4
Suppose 0 = 4*u - 462 - 310. Let q = -3974 + 4030. Calculate the remainder when u is divided by q.
25
Let m = 8 + -6. Calculate the remainder when 4/10 - (-832)/20 is divided by 15*-6*m/(-20).
6
Let t be (6/8)/(24/64). Let m be t/6*(-144)/(-12). Suppose m*h - 328 = -h + b, 4*h - 263 = b. Calculate the remainder when h is divided by 23.
19
Let x(t) = -17 - 84*t + 70*t - 2. Let m be x(-10). Suppose -3*i + m + 20 = 5*z, -i + 5*z = -47. What is the remainder when i is divided by 10?
7
Suppose 0 = 2*i - 19 - 25. Let y = -232 - -365. Let n = y + -121. What is the remainder when i is divided by n?
10
Suppose 0 = 4*h - 202 - 6. Suppose -4*d - 89*l = -84*l - 404, d + l - 101 = 0. What is the remainder when d is divided by h?
49
Suppose 0 = 287*c - 309*c + 814. Let n(x) be the second derivative of x**4 - x**3/6 - 2*x**2 + 2*x. What is the remainder when n(-3) is divided by c?
33
Let t be (-2618)/(-28) - 7/2. Suppose 5*o - 340 + t = 0. Calculate the remainder when 598 is divided by o.
48
Suppose 4*a = -303*u + 308*u - 73, 0 = -u + 2*a + 11. What is the remainder when 144 is divided by u?
8
Suppose 518 + 151 = 2*h + s, 3*h - 1008 = -3*s. Let d = h + -283. Calculate the remainder when 194 is divided by d.
44
Let p(c) = 6*c - 30. Let s be p(5). Suppose s = -18*n + 1734 + 1236. What is the remainder when n is divided by 42?
39
What is the remainder when (-3)/3 + -7 + (1511 - 79) is divided by 34?
30
Let d = -11041 + 11086. Calculate the remainder when 1070 is divided by d.
35
Suppose 3*q = -5*g + 70, 0 = 6*q - 4*q - 5*g - 30. Calculate the remainder when 112 - (q - 5) - (7 + -1) is divided by 41.
9
Let r = 270 + -236. Let i(s) = 59*s**2 - 9*s + 7. What is the remainder when i(1) is divided by r?
23
Suppose 1105*i = 1103*i + 586. Suppose 5 = -9*l + i. Let q = -211 - -338. Calculate the remainder when q is divided by l.
31
Let r(f) = -6*f + 22. Let n(h) = 4*h - 29. Let z be n(6). What is the remainder when r(z) is divided by 24?
4
Let m = -1687 + 899. Let y = m - -942. What is the remainder when y is divided by 35?
14
Suppose 21*o + 1080 - 1437 = 0. What is the remainder when 3351 is divided by o?
2
Let q be (-4)/10 - ((-412)/20)/(-1). Let r = q - 90. Calculate the remainder when 0 + -3 - (r/1 - 0) is divided by 37.
34
Suppose 2*x - 4*j = 34, 12 - 18 = 2*j. Suppose 2*y - 2 = 3*y. Calculate the remainder when x is divided by 0/y + (-2 - -5).
2
What is the remainder when 653 is divided by ((-1804)/(-264))/(6/152) + (-1)/9?
134
Let a = 68 + -70. What is the remainder when -158*(a/4 - (-6)/(-12)) is divided by 56?
46
Suppose -4*s + 212 = 2*n, 209*n + 3*s = 214*n - 543. Calculate the remainder when 534 is divided by n.
102
Suppose 106*j - 2027 = -6*j + 2341. Calculate the remainder when 722 is divided by j.
20
Let h = -16804 - -17125. What is the remainder when h is divided by 309?
12
Calculate the remainder when (-41055)/(-92) - (-1)/(-4) is divided by 233.
213
Suppose 0 = 5*m + 2*m - 1015. What is the remainder when m is divided by 1/5*-14*(-70)/4?
47
Let m(f) = f**2 + 13*f - 4. Let k be ((-9)/(-6))/(1/(-6)). Let q be m(k). Let s = -17 - q. Calculate the remainder when s is divided by 5.
3
Let p = 73 - -287. Suppose 64 = 45*h - 43*h - 2*l, 2*h - 57 = 9*l. Calculate the remainder when p is divided by h.
30
Suppose -12*p + 143694 = 21*p - 6*p. Calculate the remainder when p is divided by 15.
12
Suppose -6480 = -467*k + 463*k. What is the remainder when k is divided by 14?
10
Let n(s) = 7*s**3 + 2*s**2 + 36*s - 1. Calculate the remainder when n(5) is divided by 17.
16
Suppose 2*c - 226 = -2*s + 3278, 2*s - 4*c - 3522 = 0. Suppose s = 33*w - 5472. Calculate the remainder when w is divided by 45.
39
Let h = -2440 + 2436. Let t(q) = 6*q. Let a be t(-2). Let b = h - a. What is the remainder when 31 is divided by b?
7
Calculate the remainder when (-261)/6*994/(-213) is divided by 34.
33
Suppose -3*b - 2*b - 2*h + 164 = 0, 2*b - 2*h = 74. Suppose -5*s - 5*z + 43 = -3*s, 3*s - 12 = 3*z. What is the remainder when b is divided by s?
7
Suppose -5*r = 2*g - 345, -4*g - 170 = -5*g - 5*r. Suppose -17*d + 10*d + g = 0. Calculate the remainder when 94 is divided by d.
19
Suppose 6*d + 70 = -4*d. Let q(c) = -15*c + 11. Let l(m) = -45*m + 34. Let f(v) = d*q(v) + 2*l(v). Calculate the remainder when f(6) is divided by 21.
18
Let u(g) = 20*g**3 + 2*g**2 - 10*g - 31. Let d be u(-3). Let z = 622 + d. What is the remainder when z is divided by 1/((-4)/(-70))*2?
29
Let k be 2*-2*(5 - (-45)/(-10)). Calculate the remainder when 129 is divided by 0 - (-35 + k/2).
21
Let j = -2311 + 2323. Calculate the remainder when 1450 is divided by j.
10
Let i be 91 - -5*(-14)/(-35). Suppose 120 = c + i. What is the remainder when c is divided by 10?
7
Let o(g) = g**3 - 3*g**2 - 114*g - 138. Calculate the remainder when 274 is divided by o(13).
64
Suppose -15*a - 14575 + 14680 = 0. Calculate the remainder when 195 is divided by a.
6
Let k = 11371 + -2194. What is the remainder when k is divided by 13?
12
Suppose 4*f = -q + 2119, 5*f - 73*q = -69*q + 2654. Calculate the remainder when f is divided by 173.
11
Suppose 59*f = 4*f + 2420. What is the remainder when 127 is divided by f?
39
Suppose -5*z - r + 3*r = -952, 2*z + r = 379. Suppose 0 = 2*i + 3*h - 88, 5*i = -518*h + 520*h + 277. What is the remainder when z is divided by i?
31
Suppose 3*y - 277*d - 384 = -280*d, -5*y = 4*d - 645. Calculate the remainder when 1153 is divided by y.
89
Le